uppose 50 = 5*v + 10. Does 4 divide v?
True
Let l = 27 - 12. Let i = l - 7. Does 3 divide i?
False
Suppose -y + 5*y = x - 14, -3*x = -y - 9. Is 68/x + (-5 - -4) a multiple of 11?
True
Suppose -4*u + 1 = -3. Let c(v) = -v**3 + 2*v**2 - 5*v**2 + u - 2*v**3 - 2*v. Is 17 a factor of c(-2)?
True
Suppose 0*a - 3*a + 63 = 0. Let d be (-5 - -3)*(-6)/4. Is a - (-1 + d + -2) a multiple of 7?
True
Let v = -4 - -6. Let k be (-10)/(-6) + 9/27. Suppose v*f - f = k. Is f a multiple of 2?
True
Let u(c) = -c**3 - c**2 + 1. Let t be u(-1). Let r(q) = 30*q**3 - q + 1. Is r(t) a multiple of 13?
False
Let h be 12/18 - (-4)/(-6). Suppose -5*c - 15 + 125 = h. Is 11 a factor of c?
True
Suppose -5*r = 3*y + 79, -4*r = 2*y - 6 + 56. Let z = 63 + y. Does 12 divide z?
False
Let k = 36 - 20. Suppose -4*v + 100 = -4*q, 3*q = v - 45 + k. Let g = 44 - v. Is g a multiple of 8?
False
Let b be (-24)/(-10) - (-15)/25. Suppose -b*o = -12, -3*t = -o - 52 - 34. Is t a multiple of 15?
True
Let c be (-392)/(-6) + (-1)/3. Suppose -7*x + 3*t + 45 = -3*x, 0 = -5*x + 2*t + c. Is x a multiple of 15?
True
Let v(u) = 166*u - 58. Is 55 a factor of v(3)?
True
Let j(q) = -q + 8. Let a be j(-6). Let g(u) = 2*u - 2. Let b be g(5). Let f = a - b. Does 6 divide f?
True
Let i = 13 + -12. Is 4/(3/(-4) + i) a multiple of 8?
True
Suppose -8 = -5*y + 157. Does 8 divide y?
False
Let q(i) = 98*i**2 + i. Let g be q(-1). Let m = -65 + g. Does 15 divide m?
False
Let g(i) = -i**3 - 2*i**2 - i - 2. Let l be g(-2). Let u = 0 + l. Suppose 12 = -u*d + 4*d, -5*w + 23 = -4*d. Is w a multiple of 7?
True
Let c be (1/(-3))/(1/(-3)). Let a be 2/c - (-2 - -2). Is (a/6)/1*9 a multiple of 2?
False
Let y(k) be the first derivative of k**4/12 + k**3/3 + k**2 - 1. Let p(c) be the second derivative of y(c). Does 11 divide p(5)?
False
Suppose 3*m - 16*v + 11*v = 81, m - 4*v = 27. Does 3 divide m?
True
Suppose -2*m - 66 = -3*m + 2*h, h = -3*m + 184. Does 16 divide m?
False
Suppose 0*o + 19 = -2*o - 3*a, -5*o + 4*a = 36. Let x be (10/(-8))/(2/o). Suppose 4*j + x*w = 37, 35 = -3*j + 7*j + 3*w. Is 4 a factor of j?
True
Let w = -73 + 128. Is 23 a factor of w?
False
Let z(q) = 34*q**2 - q + 0*q + 13*q**2. Is z(1) a multiple of 18?
False
Is ((-2)/(-3))/(4 + 1726/(-432)) a multiple of 12?
True
Let x = -16 - -26. Suppose 5*t - 6*g - 15 = -g, g + x = 2*t. Let l(y) = 4*y - 2. Is 19 a factor of l(t)?
False
Let j be ((-1)/2)/((-4)/(-8)). Let q = j - -7. Is 6 a factor of q?
True
Let q = 23 + -15. Is q/((1/4)/1) a multiple of 16?
True
Let s = 10 - 6. Let p be (0/(-2))/((-4)/s). Let y(r) = r**3 - r**2 + 14. Is 14 a factor of y(p)?
True
Does 13 divide ((2 + -5)/(-1))/((-18)/(-78))?
True
Let l(x) = -5*x - 4 + 7*x**2 - x**2 - 3*x**3 - 2*x**2. Let c(n) = -n**3. Let p(g) = 4*c(g) - l(g). Is p(-5) a multiple of 3?
False
Suppose 14 = 3*z - 1, -3*z + 129 = 2*i. Does 19 divide i?
True
Suppose -s = 2*v + 4*s + 2, 22 = -4*v - s. Let u = v - -18. Let o = u - 7. Is o a multiple of 2?
False
Let v(c) = 8*c - 25. Is v(4) a multiple of 2?
False
Is 11/(220/288)*5 a multiple of 24?
True
Suppose 4*g = -3*s + 9, 0 = -g - 2*s + 6. Suppose g = -3*p + 6, -2*p - p + 21 = 3*c. Is c a multiple of 5?
True
Let l(y) = -4*y - 8. Let n be l(-5). Is 22 a factor of 1022/n - 2/12?
False
Does 16 divide ((-49)/(-14))/((10/(-12))/(-5))?
False
Let z = 5 - 2. Let w be (1 + z)*9/(-12). Is 8/w*(-165)/10 a multiple of 16?
False
Suppose -o - 3*s - 5 = -5*o, 0 = 3*s - 3. Suppose -q - 75 = -2*l - o*l, -3*l = -4*q - 53. Does 18 divide l?
False
Suppose 5*s + 1 = -3*o - 14, -3*s = -o - 5. Let y = o - 0. Is -1 - (y - (-2)/2) a multiple of 3?
True
Let k be (6/(-3))/(4/(-14)). Let n(t) = -t**3 + 8*t**2 + 4*t - 9. Let r be n(k). Let p = r - 38. Is 15 a factor of p?
True
Is (96/40)/((-2)/(-15)) a multiple of 6?
True
Suppose 0 = 2*h - 7*h. Let a be (2 + -1)/(10/50). Suppose 45 = a*l - h*l. Does 7 divide l?
False
Let c = -71 - -76. Is 2 a factor of c?
False
Let v(f) = -5*f + 1. Let u be v(-3). Suppose 2*z - u = z. Suppose 2*q - 35 = -3*q - 5*k, 3*q + 4*k - z = 0. Does 6 divide q?
True
Suppose 3*u = 4*l + 18, l + 3*u + 6 = -6. Let f be l/21 + (-26)/7. Does 19 divide (-2)/f - 150/(-4)?
True
Suppose -2*r + 1 = -3. Let w(x) = r*x**3 + 6*x**2 + x**3 - 4*x**3 + 3. Is 15 a factor of w(3)?
True
Let u = 30 + -16. Let i be (-18)/(-63) - (-430)/u. Let l = 51 - i. Does 10 divide l?
True
Let s be ((-16)/(-4))/(-4) + 61. Let w = s - 34. Is w a multiple of 13?
True
Let o(g) = g**2 + 3*g + 4. Let x = 1 - -3. Suppose x*u = 5*r + 30 - 2, -5*u + 2 = 2*r. Is o(r) a multiple of 4?
True
Let c(q) = 2 - 3 + 0*q - 8*q - 2 - q**2. Does 8 divide c(-6)?
False
Let x = 26 - 20. Is 6 a factor of x?
True
Suppose 5*p = 4*n + 8, -3*p = 2*n - 4 - 14. Suppose 5 = -n*s - 4. Does 12 divide 6*s/(-3)*2?
True
Let o = 128 - 65. Suppose -4*p - k + o = 0, 4*p + 5*k = -16 + 59. Is 8 a factor of p?
False
Let d(b) = b**2 - 14*b + 9. Does 12 divide d(17)?
True
Let g(w) = w**3 + 8*w**2 - 7*w + 9. Let t be g(-8). Suppose 7*h - 12*h + t = 0. Is h a multiple of 7?
False
Let x(k) = -k**2 - 1 - 1 - 7 + 9*k. Suppose -5*y + 0*y + 30 = 0. Is 9 a factor of x(y)?
True
Suppose -d = 3 - 8. Suppose -103 = -d*w - 13. Is 9 a factor of w?
True
Suppose 0 = 5*g - 40 - 5. Is g a multiple of 2?
False
Let o(t) = 3*t**2 - 2*t - 6. Suppose 5*m - 7 = 18. Is o(m) a multiple of 15?
False
Suppose 2*k - 3*x - 30 = x, k - 15 = -x. Suppose 3*c + 4*t = 3*t - 24, -5*c - 39 = 2*t. Let g = k + c. Does 3 divide g?
True
Is 3 a factor of (-28)/(-6) - 5/(-15)?
False
Suppose -5*o + j + 484 = 0, o - 123 + 11 = 4*j. Is o a multiple of 24?
True
Let k = -16 + 22. Suppose -k*b - 24 = -7*b. Is b a multiple of 8?
True
Is 7290/40 + 0 + (-3)/(-4) a multiple of 9?
False
Suppose 0 = v - 5*w - 2, -7*w = -2*v - 4*w + 4. Does 2 divide v?
True
Let j = 9 - 5. Suppose -p - 30 = 4*l - 2*l, -5*p - j*l = 120. Let o = 44 + p. Does 12 divide o?
True
Suppose h - 3*t - 45 = 0, -4*h + t = -t - 170. Does 7 divide h?
True
Does 23 divide 182/4 + (-1)/(-2)?
True
Suppose -j + 0*l = -5*l - 61, 2*j - 62 = -5*l. Let d = 26 + j. Suppose 0 = -5*q + d + 13. Does 7 divide q?
False
Let x = -2 - -31. Is 13 a factor of x?
False
Suppose -b = -0*b + x - 37, b - 3*x = 17. Is b a multiple of 8?
True
Suppose -2*v = -p + 79, -p - v - 4*v + 100 = 0. Let o = -45 + p. Is 10 a factor of o?
True
Let m be 2 + 1 - -6*15. Suppose m = 5*d - 27. Does 11 divide d?
False
Let u = 112 - 64. Does 12 divide u?
True
Let o(s) = 25*s + 20. Is o(6) a multiple of 27?
False
Let q be 2/(-4) - 10/(-4). Let k be (q - 1)/((-1)/17). Let t = k - -43. Does 13 divide t?
True
Let k(f) = f + 55. Does 10 divide k(-16)?
False
Suppose -201 + 15 = -q. Is q a multiple of 31?
True
Let a(s) = -s**3 + 5*s**2 + s - 2. Let i be a(5). Suppose i*f = 6*f - 42. Is 11 a factor of (-3 - -8)*f/5?
False
Suppose 5 = -5*w - 0*w + 4*s, 2*w = 4*s - 14. Suppose w = 3*l - 15. Is 9 a factor of (-52)/(-3) + 4/l?
True
Let p(w) be the second derivative of 3/2*w**2 + 1/6*w**3 + w + 0. Does 3 divide p(5)?
False
Let g(x) = x**3 - 5*x**2 - 7*x + 8. Let n be g(6). Is ((-2)/(-1))/n - -9 a multiple of 3?
False
Suppose -5*u = -70 - 30. Let t = 28 - u. Does 3 divide t?
False
Let x be (2 + 0)/((-1)/(-1)). Let c be ((x - 11) + -2)/(-1). Let b = c + -5. Is b a multiple of 3?
True
Suppose 4*l = 354 - 1962. Let o be 16/56 - l/14. Suppose 5*p - 61 = o. Does 9 divide p?
True
Let m(w) = w**2 + 5*w - 10. Let u be m(-7). Suppose v = u - 2. Suppose -n = -3*c - v*n + 43, 19 = 3*c - 5*n. Is 5 a factor of c?
False
Suppose -4*j = -2*b - 22, 0*b - 21 = b + 3*j. Let c be ((-1)/3)/((-5)/b). Is 6 a factor of c*6*1/(-1)?
True
Suppose 3*y - n = -0*n + 262, 0 = 4*y - 3*n - 351. Is y a multiple of 14?
False
Let n be (-4)/(-18) - 34/(-9). Suppose -n*x - 53 = -169. Is 21 a factor of x?
False
Let y(l) = -l**2 - 9*l - 10. Let i be y(-8). Is 12 + -5 + (i - 0) a multiple of 3?
False
Let v be (10 - 4)/(9/(-12)). Does 16 divide (-65)/(-4) + 2/v?
True
Suppose 0 = 3*a - 12, -4*j + 196 = -4*a - 308. Suppose -2*v = -7*v + j. Does 10 divide v?
False
Suppose 0 = -2*m + 4*c + 94, -84 - 92 = -4*m + 5*c. Does 3 divide m?
True
Let f = -3 - -3. Let o(x) = -8 + x**3 - 2*x**3 + f*x**3 + 5*x**2 + 8*x. Does 4 divide o(6)?
True
Let r(g) = g**2 + 5. Let n be r(0). Suppose 6*f - 19 = n*f - 3*w, 4*f - 4*w = -4. Let b(y) = y**3 - 4*y**2 + 3